hat is the tens digit of 714?
1
What is the thousands digit of 4548?
4
What is the ten thousands digit of 12846?
1
What is the tens digit of 25011?
1
What is the units digit of 20260?
0
What is the units digit of 1645?
5
What is the units digit of 649?
9
What is the thousands digit of 7732?
7
What is the hundreds digit of 1485?
4
What is the units digit of 7455?
5
What is the units digit of 47160?
0
What is the units digit of 103081?
1
What is the units digit of 966?
6
What is the thousands digit of 7278?
7
What is the tens digit of 30379?
7
What is the hundreds digit of 9183?
1
What is the units digit of 675?
5
What is the units digit of 586?
6
What is the thousands digit of 3123?
3
What is the tens digit of 7020?
2
What is the thousands digit of 14085?
4
What is the units digit of 643?
3
What is the tens digit of 25902?
0
What is the tens digit of 505?
0
What is the tens digit of 195?
9
What is the units digit of 2983?
3
What is the tens digit of 228?
2
What is the hundreds digit of 412?
4
What is the units digit of 576?
6
What is the thousands digit of 18839?
8
What is the tens digit of 1820?
2
What is the thousands digit of 6071?
6
What is the hundreds digit of 6826?
8
What is the units digit of 64504?
4
What is the units digit of 28248?
8
What is the tens digit of 209?
0
What is the tens digit of 12271?
7
What is the hundreds digit of 115?
1
What is the hundreds digit of 921?
9
What is the thousands digit of 12904?
2
What is the thousands digit of 3785?
3
What is the tens digit of 1705?
0
What is the thousands digit of 10908?
0
What is the thousands digit of 6575?
6
What is the units digit of 933?
3
What is the hundreds digit of 533?
5
What is the units digit of 932?
2
What is the units digit of 24618?
8
What is the tens digit of 18947?
4
What is the tens digit of 1428?
2
What is the hundreds digit of 60634?
6
What is the tens digit of 160?
6
What is the tens digit of 25429?
2
What is the thousands digit of 1928?
1
What is the thousands digit of 1164?
1
What is the units digit of 4311?
1
What is the tens digit of 16792?
9
What is the tens digit of 7089?
8
What is the thousands digit of 8460?
8
What is the tens digit of 7361?
6
What is the hundreds digit of 3483?
4
What is the hundreds digit of 680?
6
What is the tens digit of 3276?
7
What is the units digit of 15013?
3
What is the units digit of 16330?
0
What is the tens digit of 474?
7
What is the thousands digit of 6068?
6
What is the thousands digit of 1350?
1
What is the units digit of 3237?
7
What is the hundreds digit of 16833?
8
What is the units digit of 58169?
9
What is the hundreds digit of 4294?
2
What is the hundreds digit of 22615?
6
What is the hundreds digit of 347?
3
What is the hundreds digit of 70875?
8
What is the tens digit of 22542?
4
What is the hundreds digit of 18762?
7
What is the tens digit of 68973?
7
What is the hundreds digit of 14236?
2
What is the units digit of 13773?
3
What is the tens digit of 1465?
6
What is the tens digit of 3495?
9
What is the units digit of 11295?
5
What is the tens digit of 2067?
6
What is the tens digit of 284?
8
What is the units digit of 4211?
1
What is the thousands digit of 2666?
2
What is the ten thousands digit of 10636?
1
What is the hundreds digit of 5050?
0
What is the tens digit of 1851?
5
What is the ten thousands digit of 17441?
1
What is the thousands digit of 9850?
9
What is the hundreds digit of 3418?
4
What is the hundreds digit of 2576?
5
What is the hundreds digit of 1143?
1
What is the thousands digit of 1718?
1
What is the units digit of 303?
3
What is the tens digit of 19195?
9
What is the hundreds digit of 309?
3
What is the units digit of 46236?
6
What is the ten thousands digit of 98569?
9
What is the thousands digit of 2090?
2
What is the tens digit of 10284?
8
What is the hundreds digit of 124289?
2
What is the thousands digit of 27877?
7
What is the units digit of 2121?
1
What is the hundreds digit of 1201?
2
What is the units digit of 2324?
4
What is the thousands digit of 159477?
9
What is the ten thousands digit of 105652?
0
What is the tens digit of 1111?
1
What is the units digit of 9074?
4
What is the tens digit of 14028?
2
What is the units digit of 487?
7
What is the thousands digit of 23978?
3
What is the thousands digit of 49494?
9
What is the ten thousands digit of 77016?
7
What is the tens digit of 34875?
7
What is the hundreds digit of 17048?
0
What is the ten thousands digit of 36202?
3
What is the hundreds digit of 1680?
6
What is the thousands digit of 6686?
6
What is the thousands digit of 11467?
1
What is the tens digit of 711?
1
What is the units digit of 17880?
0
What is the tens digit of 3091?
9
What is the units digit of 169699?
9
What is the units digit of 60?
0
What is the thousands digit of 9922?
9
What is the hundreds digit of 1395?
3
What is the tens digit of 23984?
8
What is the hundreds digit of 18628?
6
What is the thousands digit of 8696?
8
What is the thousands digit of 1971?
1
What is the units digit of 2503?
3
What is the thousands digit of 6767?
6
What is the thousands digit of 2631?
2
What is the hundreds digit of 1855?
8
What is the units digit of 1768?
8
What is the units digit of 94035?
5
What is the units digit of 8280?
0
What is the thousands digit of 58794?
8
What is the thousands digit of 13186?
3
What is the hundreds digit of 2480?
4
What is the tens digit of 247?
4
What is the hundreds digit of 7043?
0
What is the tens digit of 2591?
9
What is the units digit of 2205?
5
What is the tens digit of 7420?
2
What is the hundreds digit of 208?
2
What is the units digit of 32999?
9
What is the ten thousands digit of 95161?
9
What is the units digit of 27948?
8
What is the thousands digit of 33145?
3
What is the tens digit of 8539?
3
What is the thousands digit of 28793?
8
What is the tens digit of 27892?
9
What is the tens digit of 788?
8
What is the units digit of 205?
5
What is the tens digit of 1682?
8
What is the ten thousands digit of 104525?
0
What is the tens digit of 223?
2
What is the tens digit of 34943?
4
What is the tens digit of 228?
2
What is the hundreds digit of 23713?
7
What is the hundreds digit of 1308?
3
What is the units digit of 198715?
5
What is the tens digit of 827?
2
What is the hundreds digit of 383?
3
What is the hundreds digit of 12288?
2
What is the tens digit of 5189?
8
What is the tens digit of 816?
1
What is the hundreds digit of 12375?
3
What is the tens digit of 3051?
5
What is the hundreds digit of 1210?
2
What is the tens digit of 103045?
4
What is the units digit of 1024?
4
What is the units digit of 1314?
4
What is the thousands digit of 98508?
8
What is the tens digit of 1139?
3
What is the tens digit of 7092?
9
What is the tens digit of 1840?
4
What is the units digit of 772?
2
What is the ten thousands digit of 75079?
7
What is the tens digit of 2352?
5
What is the units digit of 5918?
8
What is the tens digit of 9722?
2
What is the thousands digit of 30155?
0
What is the units digit of 70210?
0
What is the tens digit of 824?
2
What is the tens digit of 65?
6
What is the tens digit of 651?
5
What is the thousands digit of 137247?
7
What is the hundreds digit of 176?
1
What is the thousands digit of 7457?
7
What is the tens digit of 2611?
1
What is the hundreds digit of 34344?
3
What is the units digit of 5107?
7
What is the units digit of 1480?
0
What is the ten thousands digit of 90693?
9
What is the thousands digit of 2111?
2
What is the thousands digit of 3809?
3
What is the tens digit of 643?
4
What is the tens digit of 725?
2
What is the thousands digit of 1322?
1
What is the hundreds digit of 704?
7
What is the thousands digit of 11932?
1
What is the units digit of 4549?
9
What is the thousands digit of 2068?
2
What is the tens digit of 1391?
9
What is the tens digit of 5243?
4
What is the ten thousands digit of 14932?
1
What is the units digit of 3178?
8
What is the hundreds digit of 872?
8
What is the ten thousands digit of 87074?
8
What is the units digit of 2307?
7
What is the units digit of 13310?
0
What is the units digit of 10045?
5
What is the tens digit of 151?
5
What is the hundreds digit of 13145?
1
What is the units digit of 1115?
5
What is the hundreds digit of 942?
9
What is the units digit of 1217?
7
W